1 - (1 + (-3 - (-2 + 140)))?
145
What is 8 + (19 - (97 - 20)) + 6?
-44
Calculate 68 - (55 - (18 + 28)).
59
Calculate -48 - (-8 + (-1 - ((-1 - 8) + 9)) + 0).
-39
What is the value of 4059 + -3981 - ((3 - 2) + -13)?
90
11 + 19 + -29 + 22 + -3
20
Calculate 106 + (-140 - 148) + 115.
-67
4 - (-25 - -18 - (10 + (-3 - 56) + -10))
-48
-4 + (24 - (1 + 14)) - -1
6
Calculate (-144 - (3 + 8 + 2)) + 12 - -4.
-141
Calculate -91 + (62 - 24) - 39.
-92
Evaluate 83 - 3 - ((-29 - -25 - -24) + -6).
66
What is the value of -22 - (11 + -26 - 12)?
5
What is 71 - (-36 + 22 + -10) - 18?
77
Evaluate -7 + (75 + -69 - (2 + -17)).
14
What is the value of 94 - ((35 - 6) + -6)?
71
What is the value of -177 - -166 - (6 + -3 + 1)?
-15
Calculate (-10 - -36 - 14) + 9 + (-6 - -12).
27
What is the value of (-5 - 0) + -3 - (-33 + 19 + 3) - 26?
-23
What is -60 + (106 - -10) + -140?
-84
-1782 + 1778 - (6 + 2)
-12
-99 - (-15 + -1 + 31 + -27)
-87
Calculate 1629 - 1666 - (7 - -2).
-46
What is 0 + 2 - (-73 + 55) - 25?
-5
Evaluate 126 - (-14 + -117 + 212).
45
What is the value of 34 + (54 - (105 + -59))?
42
Evaluate 0 + 34 - 4 - (-411 - -478).
-37
Calculate (33 - 149 - -112) + (2 - 98).
-100
What is the value of (49 - 155) + 222 + -16?
100
What is (14 + -19 - -16) + -24 + 4?
-9
Evaluate -12 - (34 + -20 + (-63 - 29)).
66
Calculate 101 - 157 - (-102 + 0).
46
Evaluate -5 + -46 + (0 - -62).
11
What is the value of (17 - (1 + 13 + -20 - 29)) + 2?
54
What is (51 - (-150 - -164)) + (-7 - -2 - -2)?
34
Calculate 5 - 47 - 0 - (11 + 13 + (21 - 40)).
-47
What is the value of -47 - ((-10 - 15) + 16 - (-4 + 5))?
-37
What is -56 + -3 + 84 + -20?
5
What is the value of -53 - (11 + -19 + -4 - (3 + 4 - 26))?
-60
What is the value of -16 + -5 - (30 + -100) - 9?
40
What is 149 + -59 - (237 - 176)?
29
Evaluate (6 + 2 - 1) + -7 - (10 - 11).
1
What is the value of 206 - 8 - 139 - (1 - 18)?
76
What is the value of -45 + (-9 - -11) + 15 + -5?
-33
What is (-4390 - -4391) + -29 + 2?
-26
Calculate (24 - 38) + 19 + 17 + -26 + (4 - 13).
-13
What is 30 - (178 - 190 - (2 + -6))?
38
Evaluate 77 + (-1 - (99 - 117)).
94
What is (44 - (7 - -42)) + 16 + -2?
9
-18 + 32 + (-6 - -15) - 102
-79
Evaluate (-6 - -5 - 14) + 6 - (46 + -17).
-38
Evaluate 110 - (34 - (149 - 107)).
118
Calculate (23 + -27 - 100 - (5 + -1)) + 20.
-88
(-186 - (-103 + 57)) + 95
-45
What is the value of (-10 - 2 - -2 - (-86 + 84)) + (68 - 3)?
57
-2331 + 2356 - (35 - (2 - 2))
-10
Calculate 10 - (17 - -7 - 31).
17
What is (-41 - (-1 + -2)) + (-447 - -418)?
-67
What is 5 - (-12 + 0 + (-320 - -378))?
-41
-93 + 45 - (-2 + -4 + -2 + -1)
-39
Calculate (-488 - -504) + -11 + 1 + 0 + -43.
-37
Calculate -106 + 175 + 91 + -63.
97
What is the value of 58 - (-35 + 109 + 2)?
-18
-28 + (-3 - 8) + 70 + -40 - (-92 + 1)
82
(-262 - -196) + 56 + 0
-10
What is the value of 20 + (-15 - -98) + -218?
-115
What is (-163 - (35 - 84 - -6)) + -11?
-131
What is 4 + 14 + -8 + -9 + 1 + 3 + -15?
-10
-9 + -1 + -9 + -3 + (58 - -95 - 9)
122
What is the value of (12 - (-10 + 6 + 5)) + -19 - -13?
5
Evaluate 36 - (-28 - -33) - -41 - 28.
44
What is 76 + (43 - (32 - 7)) + (-7 - 24)?
63
What is the value of -21 - ((428 - 435) + (2 - 2) + 11)?
-25
Calculate 26 + 20 + -129 - (-16 - -8 - (1 + -3)).
-77
Evaluate -3 + (-3 - (-50 - -1) - (-6 + 7)).
42
What is (-2 + 14 - (2 - -14)) + 0 + 125 + -4?
117
Calculate (0 + (10 - 16) - -5) + (5 - (59 - 1)).
-54
What is the value of -15 + 9 + (-11 - -42 - 11) + -49?
-35
What is the value of 36 + 9 + -28 + -10 + 30?
37
Evaluate 8 + 1 + (-75 - -73) + 18 + (-18 - 0).
7
Calculate (-1 + 32 - (1680 - 1688)) + (5 + -3 - 4).
37
What is the value of (58 - 34) + 22 + -58 + 8?
-4
What is the value of -46 - ((1 - (4 - 2)) + -5 - (180 - 181))?
-41
What is 12 - -1 - (14 + 61 + 1 - 5)?
-58
Evaluate (-24 - -41) + 2 - -16 - -109.
144
What is 24 - (1 - -8 - ((35 - 32) + 13))?
31
17 - (-36 + 158 - 66)
-39
Calculate -9 + 4 + 5 + (112 - 112) + (53 - -1).
54
-1 + ((-6 - 1) + -8 - 11) + -7 + -6
-40
What is the value of -8 - (-10 + -1 - (113 + -117))?
-1
What is the value of 2 - -2 - -8 - (5 + (-9 - -63) - 8)?
-39
Evaluate 58 - (-12 + (16 - -8)).
46
Evaluate -134 + (19 - 13 - (-96 - -65)).
-97
Evaluate -10 + -124 + (2 - 15 - -27) + -9 - 7.
-136
What is the value of (-85 - (-87 - 5)) + 47 + (1 - (1 + 0))?
54
Evaluate -187 - (-75 + -7 + 10).
-115
Calculate 4 + 13 + -4 + -21 + 1 - -4.
-3
(184 - (3 + 168)) + (12 + 2 - -2)
29
What is 27 - ((-29 - -8) + 44 + 13)?
-9
-114 - -74 - (-63 + 81)
-58
Calculate (-30 - -53) + -66 - -48.
5
Calculate (-6 - -1) + (3 - -28 - (122 - 100)).
4
((-10 - -22) + 4 - (3 + 0) - 14) + -35
-36
-40 - (-5 - (14 + (-31 - 3) - 0))
-55
What is the value of 240 + -207 - (16 + -5)?
22
90 + (85 + -72 + -28 + 8 - (0 - 1))
84
Evaluate 249 + -86 - 82 - (-4 - 20 - -5).
100
What is the value of 129 - (104 - 240 - -143)?
122
-25 + -129 + 181 - (97 - -3)
-73
What is the value of -124 + 139 + (-1 - -2) + -5 + 1 - 10?
2
Evaluate 29 - (-65 + 105) - (26 - -1).
-38
Calculate 1 + 15 - ((12 + -25 - -44) + 32).
-47
What is 14 + 2 - (-21 + 25 + (-35 - -18))?
29
-1 - (11 + (-29 - -19) + -5 + 78)
-75
Evaluate -5 + 1 + -14 + 108 + (47 - 34).
103
Evaluate 8 + 3 + (17 - 34 - -1).
-5
Calculate -43 - ((-47 - -82) + -95).
17
Calculate -60 - (-17 + -42) - (-2 - -41).
-40
Evaluate -16 + (-85 - 4 - (-66 - -20 - -35)).
-94
Calculate (158 + -89 - -163) + -125.
107
Evaluate (-17 - 2) + -18 + (48 - 19) - -116 - 2.
106
What is the value of (3 - (-2 - -3) - 13) + 1061 + -1047?
3
28 - ((2 - 0) + -33 + (35 - 16))
40
What is (26 + -21 - 20) + (-37 - (-3 + 7))?
-56
Evaluate -4 - -15 - (-5 - 36 - -29).
23
Evaluate 41 - (34 + (-12 - -10)) - (-1 + 27).
-17
Evaluate 67 + 23 + -40 + -14.
36
What is (72 - -2) + -48 - (94 + -7)?
-61
Evaluate -23 - (18 - 18 - 14) - -35.
26
Calculate (79 - 86) + (-6 - -3 - -4) + 9 + 3.
6
Calculate -26 + (7 - 28 - (-17 - -8)) + -6.
-44
Calculate (-59 - -55) + (-2 - 1 - -1) - (12 + -10).
-8
What is 40 - 0 - (188 + (-273 - -64))?
61
Calculate -2 + 23 - (-14 + (-73 + 87 - (2 - -8))).
31
What is (8 - (0 - 7 - (-28 + 27))) + -84?
-70
Calculate (99 - 41) + (-23 - (-1 + 9 + -17)).
44
What is -4 - (3 + 3 + -56) - (5 - (0 + -2))?
39
What is 31 + (17 - 20) + -5 + -40?
-17
Calculate -129 - 1 - (493 + -558).
-65
What is the value of -43 - (-20 + 12 + 6 + 6)?
-47
Calculate (13 - -6) + -36 + 33 - 20.
-4
What is the value of 70 + ((-598 - -569) + 20 + -1 - (1 + -11))?
70
(-9 - -16) + (-16 - 2) - (70 + -36)
-45
What is -94 - -86 - (3 + 0 + -28) - -45?
62
What is (-16 - (-10 + 5 + 9)) + (-4 - -10) - 57?
-71
Evaluate -46 + -10 + -41 + 92 + (1 + -1 - -90).
85
-7 - 26 - (-1 + -3 - -18) - (-10 - 0)
-37
What is 4 + -56 + (-8 - 3) + 2 + (5 - -6)?
-50
What is (-13 - (-4 + (-8 - -1))) + (20 - (0 + 6))?
12
-9 - (-6 - (10 - -4 - -1)) - (58 - 1)
-45
-26 + (66 - -57 - 28)
69
What is -1 + ((-2 - 0) + 1 - (-2677 - -2672))?
3
What is (-1 - 17) + (-15 + 8 - (22 - 49))?
2
Calculate -1 - 11 - (-1298 - -1287).
-1
Evaluate -27 - 11 - -56 - 17.
1
Evaluate -62 - -42 - -63 - 42.
1
3 + -2 + -13 + (150 - (-12 - -68))
82
Evaluate (1 - 13 - 101) + (-136 - -174).
-75
What is -81 + 54 + 11 + 55?
39
6 + (11 - (39 - -1))
-23
What is 1 + -28 - 2 - (-85 - -92) - (-25 - -29)?
-40
-57 + 84 + -30 + (-1 + -19 - -2)
-21
What is 10 + (-38 - (9 - (-14 - -17)) - (4 - 1))?
-37
Evaluate -18 + -16 + -5 + 95 + -12.
44
637 + -676 - (-12 + -3)
-24
-51 - (-135 - (-52 - -48))
80
Evaluate (-37 - -33) + (-1 - 16) + (5 - (4 + -3)).
-17
What is 10 + (0 - (-2 - -2) - (1643 - 1668))?
35
What is the value of -1 + 47 - (-24 + 18 + 23 + -2)?
31
What is the value of -1 + 36 + (-36 - -94 - 70)?
23
What is the value of -53 + (-101 - -88 - -109)?
43
Evaluate 126 + -122 - (4 - 10 - 46).
56
What is 0 - (-2 - 1 - 3 - (-186 - -181))?
1
What is the value of -72 - (-24 + (-14 - -24) + 17 + 11)?
-86
Evaluate 13 - (60 + -112 + 52).
13
Calculate 6 + (-31 + 12 - -25) + 20.
32
What is (13 - 5) + 2 + -47 + (13 + -12 - -2)?
-34
Evaluate 6 - (-34 - -97 - (22 - 11)).
-46
What is 78 + 36 + 54 + -305?
-137
Calculate -110 - (-8 + -3 + (-52 - -17)).
-64
Evaluate 18 + (-17 + 7 - -1) + -52 + 4.
-39
Evaluate 42 + 0 + -1 + -3 + -8.
30
What is (-1 - 11) + (-3 - (-17 - -1 - -24))?
-23
Evaluate 3 - -4 - (-4 - (17 + -88 - -17)).
-43
What is -4 + -21 + (-11 - 7) + -18 - (-1 + -11)?
-49
